19
List the prime factors of 1197474.
2, 3, 109, 1831
List the prime factors of 10672312.
2, 7, 190577
What are the prime factors of 981419?
981419
List the prime factors of 277901.
13, 21377
What are the prime factors of 2831543?
11, 13, 19801
What are the prime factors of 72247?
7, 10321
What are the prime factors of 4939245?
3, 5, 36587
What are the prime factors of 76962?
2, 3, 101, 127
What are the prime factors of 516219?
3, 11, 15643
What are the prime factors of 85669?
85669
List the prime factors of 73829.
7, 53, 199
What are the prime factors of 7849054?
2, 3924527
List the prime factors of 488224.
2, 11, 19, 73
List the prime factors of 5967948.
2, 3, 7, 23, 3089
What are the prime factors of 802535?
5, 160507
What are the prime factors of 3913846?
2, 107, 18289
List the prime factors of 4502412.
2, 3, 47, 887
What are the prime factors of 4312897?
137, 31481
List the prime factors of 1316282.
2, 11, 19, 47, 67
List the prime factors of 1458778.
2, 729389
What are the prime factors of 10188092?
2, 239, 10657
List the prime factors of 1442196.
2, 3, 7, 59, 97
What are the prime factors of 212341?
59, 61
List the prime factors of 229511.
37, 6203
List the prime factors of 81603.
3, 9067
What are the prime factors of 10239867?
3, 11, 9403
What are the prime factors of 145010?
2, 5, 17, 853
List the prime factors of 233384.
2, 29173
What are the prime factors of 1078064?
2, 13, 71, 73
List the prime factors of 437247.
3, 19, 2557
What are the prime factors of 11124339?
3, 547, 6779
List the prime factors of 1350835.
5, 270167
What are the prime factors of 60327?
3, 6703
List the prime factors of 3879561.
3, 7, 37, 4993
What are the prime factors of 577451?
7, 82493
List the prime factors of 445443.
3, 37, 4013
List the prime factors of 1444045.
5, 337, 857
List the prime factors of 390708.
2, 3, 10853
What are the prime factors of 349936?
2, 21871
List the prime factors of 543150.
2, 3, 5, 17, 71
What are the prime factors of 23368?
2, 23, 127
List the prime factors of 23724753.
3, 13, 23, 26449
What are the prime factors of 3550856?
2, 59, 7523
What are the prime factors of 7919092?
2, 1979773
List the prime factors of 47940.
2, 3, 5, 17, 47
What are the prime factors of 40698667?
79, 515173
What are the prime factors of 12338709?
3, 4112903
What are the prime factors of 6022938?
2, 3, 73, 13751
What are the prime factors of 831885?
3, 5, 31, 1789
What are the prime factors of 46138?
2, 17, 23, 59
What are the prime factors of 370634?
2, 11, 17, 991
List the prime factors of 593039.
607, 977
What are the prime factors of 132033?
3, 11, 4001
List the prime factors of 413627.
17, 29, 839
What are the prime factors of 2085973?
43, 139, 349
List the prime factors of 53042.
2, 11, 2411
List the prime factors of 2078912.
2, 11, 2953
What are the prime factors of 54297?
3, 2011
List the prime factors of 237056.
2, 463
List the prime factors of 549664.
2, 89, 193
What are the prime factors of 4013898?
2, 3, 7, 95569
What are the prime factors of 198529?
198529
List the prime factors of 1683075.
3, 5, 22441
List the prime factors of 555140.
2, 5, 41, 677
List the prime factors of 14112678.
2, 3, 2352113
List the prime factors of 104197.
29, 3593
List the prime factors of 7441899.
3, 251, 9883
List the prime factors of 2208708.
2, 3, 17, 401
List the prime factors of 428999.
421, 1019
List the prime factors of 7159499.
17, 421147
List the prime factors of 63895.
5, 13, 983
What are the prime factors of 945381?
3, 315127
What are the prime factors of 12184183?
11, 1019, 1087
What are the prime factors of 11336237?
11, 317, 3251
What are the prime factors of 175083?
3, 17, 3433
List the prime factors of 4452671.
59, 163, 463
What are the prime factors of 815239?
599, 1361
List the prime factors of 619708.
2, 154927
List the prime factors of 600523.
7, 11, 709
List the prime factors of 1229899.
11, 17, 6577
List the prime factors of 1027540.
2, 5, 83, 619
List the prime factors of 92845.
5, 31, 599
What are the prime factors of 2046469?
2046469
What are the prime factors of 264260?
2, 5, 73, 181
List the prime factors of 2997737.
2997737
What are the prime factors of 30702576?
2, 3, 639637
What are the prime factors of 96665?
5, 19333
List the prime factors of 967609.
509, 1901
List the prime factors of 8749634.
2, 73, 59929
List the prime factors of 7976229.
3, 47, 56569
What are the prime factors of 1777654?
2, 888827
List the prime factors of 507850.
2, 5, 7, 1451
List the prime factors of 47439.
3, 7, 251
What are the prime factors of 1848731?
41, 67, 673
List the prime factors of 89012.
2, 7, 11, 17
What are the prime factors of 14154363?
3, 103, 15269
List the prime factors of 24519.
3, 11, 743
List the prime factors of 37871800.
2, 5, 23, 8233
List the prime factors of 2646143.
139, 19037
What are the prime factors of 579132?
2, 3, 16087
List the prime factors of 826461.
3, 229, 401
What are the prime factors of 1011833?
43, 23531
List the prime factors of 276909.
3, 241, 383
List the prime factors of 10294731.
3, 23, 41, 1213
List the prime factors of 3242566.
2, 1621283
What are the prime factors of 1612928?
2, 12601
What are the prime factors of 65558?
2, 32779
List the prime factors of 2944053.
3, 7, 37, 421
What are the prime factors of 15011763?
3, 13, 29, 1021
List the prime factors of 3658008.
2, 3, 152417
List the prime factors of 372707.
372707
What are the prime factors of 1000602?
2, 3, 55589
What are the prime factors of 421289?
11, 38299
What are the prime factors of 250656?
2, 3, 7, 373
What are the prime factors of 9826025?
5, 11, 35731
What are the prime factors of 3581880?
2, 3, 5, 19, 1571
List the prime factors of 375901.
375901
What are the prime factors of 6968835?
3, 5, 17207
What are the prime factors of 1602784?
2, 50087
What are the prime factors of 218221?
47, 4643
What are the prime factors of 86640?
2, 3, 5, 19
List the prime factors of 180675.
3, 5, 11, 73
List the prime factors of 129007.
23, 71, 79
List the prime factors of 2323.
23, 101
What are the prime factors of 25701506?
2, 41, 379, 827
List the prime factors of 35716995.
3, 5, 793711
What are the prime factors of 4664678?
2, 2332339
What are the prime factors of 8498271?
3, 37, 76561
List the prime factors of 889009.
11, 80819
What are the prime factors of 22168511?
22168511
List the prime factors of 559401.
3, 263, 709
List the prime factors of 3451680.
2, 3, 5, 17, 47
List the prime factors of 4575735.
3, 5, 23, 4421
List the prime factors of 9405015.
3, 5, 71, 8831
What are the prime factors of 131549?
11, 11959
What are the prime factors of 138966?
2, 3, 19, 23, 53
List the prime factors of 1301285.
5, 317, 821
List the prime factors of 4869792.
2, 3, 37, 457
List the prime factors of 198630.
2, 3, 5, 2207
List the prime factors of 11191881.
3, 67, 55681
What are the prime factors of 7631535?
3, 5, 41, 12409
List the prime factors of 148983.
3, 53, 937
What are the prime factors of 8181535?
5, 433, 3779
List the prime factors of 8448114.
2, 3, 233, 6043
List the prime factors of 747804.
2, 3, 101, 617
List the prime factors of 1992740.
2, 5, 17, 5861
What are the prime factors of 219532?
2, 71, 773
List the prime factors of 359128.
2, 7, 11, 53
What are the prime factors of 1187341?
1187341
List the prime factors of 509577.
3, 169859
List the prime factors of 1831934.
2, 13, 70459
What are the prime factors of 210316?
2, 52579
What are the prime factors of 1164357?
3, 53, 2441
List the prime factors of 33812803.
131, 258113
What are the prime factors of 400821?
3, 23, 37, 157
List the prime factors of 5056004.
2, 17, 74353
List the prime factors of 3752247.
3, 1250749
List the prime factors of 1623226.
2, 11, 73783
List the prime factors of 8311543.
8311543
List the prime factors of 35192452.
2, 8798113
What are the prime factors of 245745?
3, 5, 43, 127
List the prime factors of 3123776.
2, 48809
List the prime factors of 10806587.
11, 109, 9013
List the prime factors of 18128963.
18128963
List the prime factors of 236041.
13, 67, 271
List the prime factors of 481099.
19, 25321
What are the prime factors of 151108?
2, 37, 1021
What are the prime factors of 12247436?
2, 3061859
List the prime factors of 7964.
2, 11, 181
What are the prime facto